{"id":14222,"date":"2019-01-04T12:43:32","date_gmt":"2019-01-04T11:43:32","guid":{"rendered":"https:\/\/disenoparaimpacientes.es\/?page_id=14222"},"modified":"2021-10-17T10:58:51","modified_gmt":"2021-10-17T08:58:51","slug":"sobre-nosotros","status":"publish","type":"page","link":"https:\/\/disenoparaimpacientes.es\/?page_id=14222","title":{"rendered":"Sobre nosotros"},"content":{"rendered":"\n<figure class=\"wp-block-image size-large\"><a href=\"https:\/\/disenoparaimpacientes.es\/wp-content\/uploads\/2021\/10\/Logo-BN-DPI.jpg\"><img loading=\"lazy\" width=\"1024\" height=\"642\" src=\"https:\/\/disenoparaimpacientes.es\/wp-content\/uploads\/2021\/10\/Logo-BN-DPI-1024x642.jpg\" alt=\"\" class=\"wp-image-14732\" srcset=\"https:\/\/disenoparaimpacientes.es\/wp-content\/uploads\/2021\/10\/Logo-BN-DPI-1024x642.jpg 1024w, https:\/\/disenoparaimpacientes.es\/wp-content\/uploads\/2021\/10\/Logo-BN-DPI-300x188.jpg 300w, https:\/\/disenoparaimpacientes.es\/wp-content\/uploads\/2021\/10\/Logo-BN-DPI-768x481.jpg 768w, https:\/\/disenoparaimpacientes.es\/wp-content\/uploads\/2021\/10\/Logo-BN-DPI-1536x963.jpg 1536w, https:\/\/disenoparaimpacientes.es\/wp-content\/uploads\/2021\/10\/Logo-BN-DPI-2048x1284.jpg 2048w, https:\/\/disenoparaimpacientes.es\/wp-content\/uploads\/2021\/10\/Logo-BN-DPI-600x376.jpg 600w\" sizes=\"(max-width: 1024px) 100vw, 1024px\" \/><\/a><\/figure>\n\n\n\n<div class=\"wp-block-columns\">\n<div class=\"wp-block-column\">\n<p class=\"has-drop-cap has-cyan-bluish-gray-color has-text-color\">Somos una empresa joven, reci\u00e9n creada, pero integrada por profesionales con m\u00e1s de treinta a\u00f1os de experiencia. Sabemos c\u00f3mo funciona este mundo.&nbsp;<\/p>\n\n\n\n<p class=\"has-cyan-bluish-gray-color has-text-color\">Nuestra propuesta es muy clara. Sabemos que un estudio gr\u00e1fico al uso tiene sus protocolos, sus estudios de mercado, sus tormentas de ideas, sus reuniones interminables\u2026<\/p>\n\n\n\n<hr class=\"wp-block-separator\"\/>\n\n\n\n<p class=\"has-cyan-bluish-gray-color has-text-color\">Tel.: 91 176 08 52<\/p>\n\n\n\n<p class=\"has-cyan-bluish-gray-color has-text-color\">M\u00f3vil: 657 25 48 55<\/p>\n\n\n\n<p>E-mail:&nbsp;<a href=\"mailto:info@dise\u00f1oparaimpacientes.com\">info@dise\u00f1oparaimpacientes.com<\/a><\/p>\n<\/div>\n\n\n\n<div class=\"wp-block-column\">\n<p class=\"has-cyan-bluish-gray-color has-text-color\">Si lo que necesitas es un buen producto, y lo necesitas ya, contacta con nosotros. Te ofrecemos nuestra experiencia y ponemos a tu disposici\u00f3n todo nuestro buen hacer para dar respuesta a tus necesidades gr\u00e1ficas de forma r\u00e1pida y eficaz.<\/p>\n\n\n\n<p class=\"has-cyan-bluish-gray-color has-text-color\">Contacta con nosotros por tel\u00e9fono o por correo electr\u00f3nico, dinos lo que necesitas, te lo presupuestamos y te lo hacemos. As\u00ed de f\u00e1cil.<\/p>\n<\/div>\n<\/div>\n\n\n\n<p><\/p>\n","protected":false},"excerpt":{"rendered":"<p>Somos una empresa joven, reci\u00e9n creada, pero integrada por profesionales con m\u00e1s de treinta a\u00f1os de experiencia. Sabemos c\u00f3mo funciona este mundo.&nbsp; Nuestra propuesta es muy clara. Sabemos que un estudio gr\u00e1fico al uso tiene sus protocolos, sus estudios de mercado, sus tormentas de ideas, sus reuniones interminables\u2026 Tel.: 91 176 08 52 M\u00f3vil: 657 &#8230; <\/p>\n<p class=\"read-more-container\"><a title=\"Sobre nosotros\" class=\"read-more button\" href=\"https:\/\/disenoparaimpacientes.es\/?page_id=14222#more-14222\">Read more<span class=\"screen-reader-text\">Sobre nosotros<\/span><\/a><\/p>\n","protected":false},"author":1,"featured_media":0,"parent":0,"menu_order":0,"comment_status":"closed","ping_status":"closed","template":"","meta":{"generate_page_header":""},"yoast_head":"<!-- This site is optimized with the Yoast SEO plugin v19.6.1 - https:\/\/yoast.com\/wordpress\/plugins\/seo\/ -->\n<title>Sobre nosotros - Dise&ntilde;o para impacientes<\/title>\n<meta name=\"robots\" content=\"index, follow, max-snippet:-1, max-image-preview:large, max-video-preview:-1\" \/>\n<link rel=\"canonical\" href=\"https:\/\/disenoparaimpacientes.es\/?page_id=14222\" \/>\n<meta property=\"og:locale\" content=\"es_ES\" \/>\n<meta property=\"og:type\" content=\"article\" \/>\n<meta property=\"og:title\" content=\"Sobre nosotros - Dise&ntilde;o para impacientes\" \/>\n<meta property=\"og:description\" content=\"Somos una empresa joven, reci\u00e9n creada, pero integrada por profesionales con m\u00e1s de treinta a\u00f1os de experiencia. Sabemos c\u00f3mo funciona este mundo.&nbsp; Nuestra propuesta es muy clara. Sabemos que un estudio gr\u00e1fico al uso tiene sus protocolos, sus estudios de mercado, sus tormentas de ideas, sus reuniones interminables\u2026 Tel.: 91 176 08 52 M\u00f3vil: 657 ... Read moreSobre nosotros\" \/>\n<meta property=\"og:url\" content=\"https:\/\/disenoparaimpacientes.es\/?page_id=14222\" \/>\n<meta property=\"og:site_name\" content=\"Dise&ntilde;o para impacientes\" \/>\n<meta property=\"article:modified_time\" content=\"2021-10-17T08:58:51+00:00\" \/>\n<meta property=\"og:image\" content=\"https:\/\/disenoparaimpacientes.es\/wp-content\/uploads\/2021\/10\/Logo-BN-DPI-1024x642.jpg\" \/>\n<meta name=\"twitter:card\" content=\"summary_large_image\" \/>\n<meta name=\"twitter:label1\" content=\"Tiempo de lectura\" \/>\n\t<meta name=\"twitter:data1\" content=\"1 minuto\" \/>\n<script type=\"application\/ld+json\" class=\"yoast-schema-graph\">{\"@context\":\"https:\/\/schema.org\",\"@graph\":[{\"@type\":\"WebPage\",\"@id\":\"https:\/\/disenoparaimpacientes.es\/?page_id=14222\",\"url\":\"https:\/\/disenoparaimpacientes.es\/?page_id=14222\",\"name\":\"Sobre nosotros - Dise&ntilde;o para impacientes\",\"isPartOf\":{\"@id\":\"https:\/\/disenoparaimpacientes.es\/#website\"},\"datePublished\":\"2019-01-04T11:43:32+00:00\",\"dateModified\":\"2021-10-17T08:58:51+00:00\",\"breadcrumb\":{\"@id\":\"https:\/\/disenoparaimpacientes.es\/?page_id=14222#breadcrumb\"},\"inLanguage\":\"es\",\"potentialAction\":[{\"@type\":\"ReadAction\",\"target\":[\"https:\/\/disenoparaimpacientes.es\/?page_id=14222\"]}]},{\"@type\":\"BreadcrumbList\",\"@id\":\"https:\/\/disenoparaimpacientes.es\/?page_id=14222#breadcrumb\",\"itemListElement\":[{\"@type\":\"ListItem\",\"position\":1,\"name\":\"Portada\",\"item\":\"https:\/\/disenoparaimpacientes.es\/\"},{\"@type\":\"ListItem\",\"position\":2,\"name\":\"Sobre nosotros\"}]},{\"@type\":\"WebSite\",\"@id\":\"https:\/\/disenoparaimpacientes.es\/#website\",\"url\":\"https:\/\/disenoparaimpacientes.es\/\",\"name\":\"Dise&ntilde;o para impacientes\",\"description\":\"Dise&ntilde;o gr&aacute;fico para gente con prisa\",\"publisher\":{\"@id\":\"https:\/\/disenoparaimpacientes.es\/#organization\"},\"potentialAction\":[{\"@type\":\"SearchAction\",\"target\":{\"@type\":\"EntryPoint\",\"urlTemplate\":\"https:\/\/disenoparaimpacientes.es\/?s={search_term_string}\"},\"query-input\":\"required name=search_term_string\"}],\"inLanguage\":\"es\"},{\"@type\":\"Organization\",\"@id\":\"https:\/\/disenoparaimpacientes.es\/#organization\",\"name\":\"Dise&ntilde;o para impacientes\",\"url\":\"https:\/\/disenoparaimpacientes.es\/\",\"sameAs\":[],\"logo\":{\"@type\":\"ImageObject\",\"inLanguage\":\"es\",\"@id\":\"https:\/\/disenoparaimpacientes.es\/#\/schema\/logo\/image\/\",\"url\":\"https:\/\/disenoparaimpacientes.es\/wp-content\/uploads\/2021\/10\/Cabecera-nueva-DPI-2-scaled.jpg\",\"contentUrl\":\"https:\/\/disenoparaimpacientes.es\/wp-content\/uploads\/2021\/10\/Cabecera-nueva-DPI-2-scaled.jpg\",\"width\":2560,\"height\":1672,\"caption\":\"Dise&ntilde;o para impacientes\"},\"image\":{\"@id\":\"https:\/\/disenoparaimpacientes.es\/#\/schema\/logo\/image\/\"}}]}<\/script>\n<!-- \/ Yoast SEO plugin. -->","yoast_head_json":{"title":"Sobre nosotros - Dise&ntilde;o para impacientes","robots":{"index":"index","follow":"follow","max-snippet":"max-snippet:-1","max-image-preview":"max-image-preview:large","max-video-preview":"max-video-preview:-1"},"canonical":"https:\/\/disenoparaimpacientes.es\/?page_id=14222","og_locale":"es_ES","og_type":"article","og_title":"Sobre nosotros - Dise&ntilde;o para impacientes","og_description":"Somos una empresa joven, reci\u00e9n creada, pero integrada por profesionales con m\u00e1s de treinta a\u00f1os de experiencia. Sabemos c\u00f3mo funciona este mundo.&nbsp; Nuestra propuesta es muy clara. Sabemos que un estudio gr\u00e1fico al uso tiene sus protocolos, sus estudios de mercado, sus tormentas de ideas, sus reuniones interminables\u2026 Tel.: 91 176 08 52 M\u00f3vil: 657 ... Read moreSobre nosotros","og_url":"https:\/\/disenoparaimpacientes.es\/?page_id=14222","og_site_name":"Dise&ntilde;o para impacientes","article_modified_time":"2021-10-17T08:58:51+00:00","og_image":[{"url":"https:\/\/disenoparaimpacientes.es\/wp-content\/uploads\/2021\/10\/Logo-BN-DPI-1024x642.jpg"}],"twitter_card":"summary_large_image","twitter_misc":{"Tiempo de lectura":"1 minuto"},"schema":{"@context":"https:\/\/schema.org","@graph":[{"@type":"WebPage","@id":"https:\/\/disenoparaimpacientes.es\/?page_id=14222","url":"https:\/\/disenoparaimpacientes.es\/?page_id=14222","name":"Sobre nosotros - Dise&ntilde;o para impacientes","isPartOf":{"@id":"https:\/\/disenoparaimpacientes.es\/#website"},"datePublished":"2019-01-04T11:43:32+00:00","dateModified":"2021-10-17T08:58:51+00:00","breadcrumb":{"@id":"https:\/\/disenoparaimpacientes.es\/?page_id=14222#breadcrumb"},"inLanguage":"es","potentialAction":[{"@type":"ReadAction","target":["https:\/\/disenoparaimpacientes.es\/?page_id=14222"]}]},{"@type":"BreadcrumbList","@id":"https:\/\/disenoparaimpacientes.es\/?page_id=14222#breadcrumb","itemListElement":[{"@type":"ListItem","position":1,"name":"Portada","item":"https:\/\/disenoparaimpacientes.es\/"},{"@type":"ListItem","position":2,"name":"Sobre nosotros"}]},{"@type":"WebSite","@id":"https:\/\/disenoparaimpacientes.es\/#website","url":"https:\/\/disenoparaimpacientes.es\/","name":"Dise&ntilde;o para impacientes","description":"Dise&ntilde;o gr&aacute;fico para gente con prisa","publisher":{"@id":"https:\/\/disenoparaimpacientes.es\/#organization"},"potentialAction":[{"@type":"SearchAction","target":{"@type":"EntryPoint","urlTemplate":"https:\/\/disenoparaimpacientes.es\/?s={search_term_string}"},"query-input":"required name=search_term_string"}],"inLanguage":"es"},{"@type":"Organization","@id":"https:\/\/disenoparaimpacientes.es\/#organization","name":"Dise&ntilde;o para impacientes","url":"https:\/\/disenoparaimpacientes.es\/","sameAs":[],"logo":{"@type":"ImageObject","inLanguage":"es","@id":"https:\/\/disenoparaimpacientes.es\/#\/schema\/logo\/image\/","url":"https:\/\/disenoparaimpacientes.es\/wp-content\/uploads\/2021\/10\/Cabecera-nueva-DPI-2-scaled.jpg","contentUrl":"https:\/\/disenoparaimpacientes.es\/wp-content\/uploads\/2021\/10\/Cabecera-nueva-DPI-2-scaled.jpg","width":2560,"height":1672,"caption":"Dise&ntilde;o para impacientes"},"image":{"@id":"https:\/\/disenoparaimpacientes.es\/#\/schema\/logo\/image\/"}}]}},"jetpack_sharing_enabled":true,"jetpack_shortlink":"https:\/\/wp.me\/PaA1RI-3Ho","_links":{"self":[{"href":"https:\/\/disenoparaimpacientes.es\/index.php?rest_route=\/wp\/v2\/pages\/14222"}],"collection":[{"href":"https:\/\/disenoparaimpacientes.es\/index.php?rest_route=\/wp\/v2\/pages"}],"about":[{"href":"https:\/\/disenoparaimpacientes.es\/index.php?rest_route=\/wp\/v2\/types\/page"}],"author":[{"embeddable":true,"href":"https:\/\/disenoparaimpacientes.es\/index.php?rest_route=\/wp\/v2\/users\/1"}],"replies":[{"embeddable":true,"href":"https:\/\/disenoparaimpacientes.es\/index.php?rest_route=%2Fwp%2Fv2%2Fcomments&post=14222"}],"version-history":[{"count":9,"href":"https:\/\/disenoparaimpacientes.es\/index.php?rest_route=\/wp\/v2\/pages\/14222\/revisions"}],"predecessor-version":[{"id":14740,"href":"https:\/\/disenoparaimpacientes.es\/index.php?rest_route=\/wp\/v2\/pages\/14222\/revisions\/14740"}],"wp:attachment":[{"href":"https:\/\/disenoparaimpacientes.es\/index.php?rest_route=%2Fwp%2Fv2%2Fmedia&parent=14222"}],"curies":[{"name":"wp","href":"https:\/\/api.w.org\/{rel}","templated":true}]}}